 remainder when 17 is divided by x/3 + (-7)/(-21).
2
Let h(g) = 2*g - 7. Let n be h(6). Suppose s + 34 = k, n*s = 24 - 4. Let x = -18 + k. Calculate the remainder when 59 is divided by x.
19
Suppose u + w + 95 = 2*w, -3*u = 3*w + 267. Let x = u + 101. What is the remainder when 97 is divided by x?
7
Suppose -2*a = 13*a + 2475. Let b = -151 - a. What is the remainder when b is divided by (-2 - (2 - 8))*1?
2
Let c be (-144)/(-66) - 2/11. Suppose -5*g - 6*n = -c*n - 94, -5*g - 2*n = -102. Calculate the remainder when 41 is divided by g.
19
Suppose 4*n - 6 - 34 = 0. Suppose n + 76 = 3*b + 2*k, -2*k + 30 = b. What is the remainder when b is divided by 16?
12
Let l(a) = -a**2 + a + 14. Let q = 258 + -106. What is the remainder when q is divided by l(0)?
12
Let q = 410 + -206. What is the remainder when q is divided by (-6 - 8/4)/(1/(-2))?
12
Suppose -115 = -y + 4*a, 2*y = -5*a + 190 + 79. What is the remainder when y is divided by 45?
37
Let i(v) = -2*v**2 + v + 4. Let o(k) = 3*k**2 - k - 5. Let h(n) = 4*i(n) + 3*o(n). Let p be h(0). Calculate the remainder when 19 + (-8)/4 + p is divided by 7.
4
Let g(z) = -2*z + 9. Let b be g(5). Let k(l) = -l**3 - 2*l - 1. Calculate the remainder when 41 + (-2 - (b + -1)) is divided by k(-2).
8
Calculate the remainder when 674 is divided by 3/(1860/370 + -5).
8
Let j = 672 + -601. Suppose -5*i + b = -94, -5*i + 78 = -2*b + 5*b. Calculate the remainder when j is divided by i.
17
Let l be (1 - -7)/((-10)/115). Let z be l/(-20) + 3/(-5). Suppose 3*u - 3*g - 258 = 0, -u = z*g - 106 + 15. What is the remainder when u is divided by 22?
21
Let r(z) = z**3 + 6*z**2 - 7*z + 2. Let c be r(-7). Suppose 14 = p - c. What is the remainder when 59 is divided by p?
11
What is the remainder when (-161)/(-69) + 2530/15 is divided by 92?
79
Suppose 4*x - 90 - 378 = 0. Calculate the remainder when x is divided by 45.
27
Suppose m + 5 = 8. Suppose u + l - 6*l - 44 = 0, 4*u - 4*l - 96 = 0. What is the remainder when u is divided by m?
1
Suppose 0*j = -3*j + 6, 0 = -4*i + 4*j - 8. Suppose i = -21*c + 22*c - 13. What is the remainder when 50 is divided by c?
11
Suppose -4*d + 5 = -11. Calculate the remainder when 9 is divided by d.
1
Let o be 0/(-19)*(-1)/(-2). Let w be (2/4)/(1/(-16)). Let s = o - w. What is the remainder when s is divided by 5?
3
Let m be (-2354)/(-6) + 1 + 20/(-15). Suppose 0*q + m = 7*q. Calculate the remainder when q is divided by 21.
14
Let f = 2185 - 2142. Let s = 56 + 70. Calculate the remainder when s is divided by f.
40
Calculate the remainder when 60 is divided by (-228)/(-24) + -10 + 105/2.
8
Suppose -8*h = -3*h - 70. Let p = 24 + -21. Calculate the remainder when 11/(33/2) + 160/p is divided by h.
12
Suppose -29*m + 3105 = -14*m. Calculate the remainder when m is divided by 30.
27
Suppose -4*x = 5*l - 293, 0 = -5*x - 0*l + 2*l + 391. What is the remainder when x is divided by 31?
15
Let f(u) = 104*u + 86. What is the remainder when 337 is divided by f(0)?
79
Let p = 225 - 113. Calculate the remainder when (-1 - -2)/(1 - p/114) is divided by 12.
9
Suppose 3*a + 4*f - 49 = 0, 2*a - 3*f = -a + 42. What is the remainder when 9/a - 4148/(-20) is divided by 42?
40
Let s = 1128 + -1102. Calculate the remainder when 98 is divided by s.
20
Let m = -6 - -62. Suppose m = 7*x - 49. Calculate the remainder when 40 is divided by x.
10
Suppose -5248 = -147*t - 17*t. What is the remainder when 380 is divided by t?
28
Suppose -527*y - 107 = -2*z - 528*y, 10 = 2*y. Let o be 8/(-5) - (-2)/(-5). Calculate the remainder when z is divided by 13/1*(-2)/o.
12
Let c(k) = -4*k - 5. What is the remainder when 1390/22 + 6/(-33) is divided by c(-4)?
8
Suppose 2*i - 54 = -3*w, -5*i + 3*w = -4*i - 36. Calculate the remainder when i is divided by 16.
14
Let h = 111 - 45. Let m = 56 - 39. What is the remainder when h is divided by m?
15
What is the remainder when 737 is divided by 171/27*(3 + 6)?
53
Let t(w) = -w**3 + 5*w**2 - 6*w. Let y be t(2). Suppose y = g - 31 - 102. Calculate the remainder when g is divided by 17.
14
Suppose -4*c + 3 = -213. Suppose 2*i + 3 + 3 = 0. Calculate the remainder when c is divided by ((-7)/4)/(i/24).
12
Suppose -3*f - 4*m + 945 = 0, 3*f + 8*m = 5*m + 942. Calculate the remainder when f is divided by 13.
12
Suppose 126 + 224 = 5*x. Let l(y) = 1679*y - 8377. Calculate the remainder when x is divided by l(5).
16
Let u = 79 - 49. Let f = u - 20. Let x = 55 + -26. Calculate the remainder when x is divided by f.
9
Let w(f) = f**2 + 5*f - 12. Let m be w(-7). Let g(x) = 5*x**2 + 8*x**m + 3*x**2 - 5*x**2 + 14*x - x**3 - 14. What is the remainder when 37 is divided by g(12)?
7
Let w = -311 + 457. Calculate the remainder when w is divided by 45.
11
Suppose -7*j = j - 2256. What is the remainder when j is divided by 72?
66
Suppose -12 = -42*w + 39*w. Suppose -u - w = -7. What is the remainder when 9 is divided by u?
0
Suppose t + 2*t = 4*o + 70, -92 = -4*t + 4*o. Suppose -t = -8*j + 34. What is the remainder when j is divided by 5?
2
Let r be (-1 - 2/1)/(-1). Suppose w + r*k - 35 = 0, 0 = 4*w - 0*k - k - 179. Let q = w - 26. What is the remainder when 52 is divided by q?
16
Calculate the remainder when (-101)/(22/11 - 3) is divided by 72.
29
Let y be 7 - 3 - (-12)/(-6). Suppose 0 = 5*n - y*p - 56, n + 2*p = -p + 1. What is the remainder when (-2)/5 + 194/10 is divided by n?
9
Let m = -6 - -15. Let r be 3/(-12) - 27/36. Calculate the remainder when m is divided by r - (2 - -2)/(-1).
0
Suppose -2*h + 59 = 5*p, 1 - 35 = -4*p + 5*h. Let r = 444 - 448. What is the remainder when 49 is divided by p + 2 + 4 + r?
10
Let t = -16 + -58. Let n = t - -52. Calculate the remainder when ((-6)/(-4))/((-1)/n) is divided by 12.
9
Calculate the remainder when (-2)/3*(-6435)/13 is divided by 37.
34
Suppose -3*i + 2*m + 293 = m, 5*m + 25 = 0. Suppose 0 = 15*n - 11*n - i. Calculate the remainder when 95 is divided by n.
23
Let r = -5 + 8. Suppose 6*j - 33 = r*j. Calculate the remainder when 9/(90/28 - 3) is divided by j.
9
Suppose -8760 = -75*r + 2*r. Calculate the remainder when 2639 is divided by r.
119
Calculate the remainder when 236 + (-14)/(-105) + (-2)/15 is divided by 34.
32
Suppose 3*m = 4*l - 6*l + 69, -2*l - 57 = -3*m. What is the remainder when m is divided by 5?
1
Let f = 20 - 11. Suppose -181*n + 187*n - 96 = 0. Calculate the remainder when n is divided by f.
7
Let q be 5*(2/(-2) + -4). Let z = q - -98. What is the remainder when z is divided by 38?
35
Let x(z) = z**2 + 13*z - 21. Let c be x(-15). Suppose c*v - 50 - 22 = 0. Let u = 52 + -37. What is the remainder when u is divided by v?
7
Let c(l) = -l**3 + 5*l**2 - 2*l - 5. Let b be c(5). Let i(r) = -7*r - 6. Let p be i(-6). Let a = p + b. Calculate the remainder when a is divided by 6.
3
Suppose 0*p + 5*p - 110 = -5*l, 2*l + 6 = 0. Suppose -3*q - 64 = -5*k, q + 4 = 3*q. Calculate the remainder when p is divided by k.
11
Let k(w) = -w**3 + 2*w**2 + 2*w + 3. Let m be k(-2). Let r be (-13 + 7)/(2 - 4). Suppose 0 = r*i - m - 3. What is the remainder when i is divided by 4?
2
Suppose 74 - 256 = -7*s. Calculate the remainder when s is divided by 1.
0
Suppose -2*k + 5*o = -41, -52 = -5*k + 3*o + 3. Let s(m) = m**3 + 14*m**2 + 11*m - 11. What is the remainder when s(-13) is divided by k?
7
Let b = -5 - -9. Let s be (-4)/(-16) + 7/b. Suppose -3*x + 15 = s*x. What is the remainder when x is divided by 1?
0
Suppose -25*u = -2031 + 281. What is the remainder when 209 is divided by u?
69
Let c = -183 + 200. Calculate the remainder when 82 is divided by c.
14
Calculate the remainder when 208 is divided by (-70)/(-6) - (40/15 + -1).
8
Let u = 7174 - 7156. Suppose 0 = f - 0 - 4, -t + 2*f - 3 = 0. Suppose 0 = 5*d + t*j - 45, -4*d + d + 31 = -j. What is the remainder when u is divided by d?
8
Let b = -1091 - -678. Calculate the remainder when 57 is divided by 1/2 + b/(-14).
27
Let l be 6/(-30) - (-82)/10. Let m(d) = 3*d**2 + 109 - 2*d**2 - 5*d + 119 - 216. What is the remainder when m(l) is divided by 14?
8
Suppose -6 = -7*q - 6. Suppose -7*j - 1 + 57 = q. Calculate the remainder when 70 is divided by j.
6
Suppose -72*v = -70*v - 6. Suppose -3*j + j = i - 13, 15 = v*i. Calculate the remainder when j is divided by 2.
0
Suppose 20*z + 25*z - 199 = 611. Suppose -k + 3 = 2. Suppose -3*h + 25